{"title":"Pro\u010d se Evropa m\u011bn\u00ed v ba\u0161tu krajn\u00ed pravice","author_name":"Studio N","author_url":"https:\/\/podmaz.sk\/podcast\/studio-n","type":"video","height":162,"width":620,"version":"1.0","provider_name":"Podmaz","provider_url":"https:\/\/podmaz.sk","thumbnail_height":250,"thumbnail_width":250,"thumbnail_url":"https:\/\/cdn.podmaz.sk\/3a\/2f\/proc-se-evropa-meni-v-bastu-krajni-pravice-3a2f3e.jpg?width=250","html":"<iframe src=\"https:\/\/podmaz.sk\/embed\/dark\/episode\/8811218820\" width=\"100%\" height=\"162\" frameborder=\"0\" scrolling=\"no\" seamless=\"true\" style=\"width:100%; height:162px;\"><\/iframe>"}

Proč se Evropa mění v baštu krajní pravice
