{"title":"Farhan: ANO si jde v Plze\u0148sk\u00e9m kraji pro post hejtmana","author_name":"Speci\u00e1l","author_url":"https:\/\/podmaz.sk\/podcast\/special","type":"video","height":162,"width":620,"version":"1.0","provider_name":"Podmaz","provider_url":"https:\/\/podmaz.sk","thumbnail_height":250,"thumbnail_width":250,"thumbnail_url":"https:\/\/cdn.podmaz.sk\/f3\/3b\/farhan-ano-si-jde-v-plzenskem-kraji-pro-post-hejtmana-f33ba0.jpg?width=250","html":"<iframe src=\"https:\/\/podmaz.sk\/embed\/dark\/episode\/5096486723\" width=\"100%\" height=\"162\" frameborder=\"0\" scrolling=\"no\" seamless=\"true\" style=\"width:100%; height:162px;\"><\/iframe>"}

Farhan: ANO si jde v Plzeňském kraji pro post hejtmana

Speciál
