{"title":"Modr\u00fd abb\u00e9 trp\u011bl v\u00e1\u017enou du\u0161evn\u00ed chorobou","author_name":"M\u016fj kraj","author_url":"https:\/\/podmaz.sk\/podcast\/muj-kraj","type":"video","height":162,"width":620,"version":"1.0","provider_name":"Podmaz","provider_url":"https:\/\/podmaz.sk","thumbnail_height":250,"thumbnail_width":250,"thumbnail_url":"https:\/\/cdn.podmaz.sk\/d8\/8f\/modry-abbe-trpel-vaznou-dusevni-chorobou-d88f3e.jpg?width=250","html":"<iframe src=\"https:\/\/podmaz.sk\/embed\/dark\/episode\/6726063652\" width=\"100%\" height=\"162\" frameborder=\"0\" scrolling=\"no\" seamless=\"true\" style=\"width:100%; height:162px;\"><\/iframe>"}

Modrý abbé trpěl vážnou duševní chorobou

Můj kraj
