{"title":"Pellegrini, Macron a roz\u0161irovanie E\u00da na Balk\u00e1n","author_name":"Modr\u00e1 vlna","author_url":"https:\/\/podmaz.sk\/podcast\/modra-vlna","type":"video","height":162,"width":620,"version":"1.0","provider_name":"Podmaz","provider_url":"https:\/\/podmaz.sk","thumbnail_height":250,"thumbnail_width":250,"thumbnail_url":"https:\/\/cdn.podmaz.sk\/c2\/54\/pellegrini-macron-a-rozsirovanie-eu-na-balkan-c25435.jpg?width=250","html":"<iframe src=\"https:\/\/podmaz.sk\/embed\/dark\/episode\/0425619443\" width=\"100%\" height=\"162\" frameborder=\"0\" scrolling=\"no\" seamless=\"true\" style=\"width:100%; height:162px;\"><\/iframe>"}

Pellegrini, Macron a rozširovanie EÚ na Balkán

Modrá vlna
