{"title":"P\u0159es \u010d\u00e1ru: Stane se \u010cesko uhelnou elektr\u00e1rnou N\u011bmecka?","author_name":"P\u0159es \u010d\u00e1ru","author_url":"https:\/\/podmaz.sk\/podcast\/pres-caru","type":"video","height":162,"width":620,"version":"1.0","provider_name":"Podmaz","provider_url":"https:\/\/podmaz.sk","thumbnail_height":250,"thumbnail_width":250,"thumbnail_url":"https:\/\/cdn.podmaz.sk\/dd\/c0\/pres-caru-stane-se-cesko-uhelnou-elektrarnou-nemecka-ddc021.jpg?width=250","html":"<iframe src=\"https:\/\/podmaz.sk\/embed\/light\/episode\/1234673915\" width=\"100%\" height=\"162\" frameborder=\"0\" scrolling=\"no\" seamless=\"true\" style=\"width:100%; height:162px;\"><\/iframe>"}

Přes čáru: Stane se Česko uhelnou elektrárnou Německa?

Přes čáru
