{"title":"Eur\u00f3pske rie\u0161enia kr\u00edzy a nemeck\u00e1 \u00fastava","author_name":"Modr\u00e1 vlna","author_url":"https:\/\/podmaz.sk\/podcast\/modra-vlna","type":"video","height":162,"width":620,"version":"1.0","provider_name":"Podmaz","provider_url":"https:\/\/podmaz.sk","thumbnail_height":250,"thumbnail_width":250,"thumbnail_url":"https:\/\/cdn.podmaz.sk\/c2\/54\/europske-riesenia-krizy-a-nemecka-ustava-c25435.jpg?width=250","html":"<iframe src=\"https:\/\/podmaz.sk\/embed\/light\/episode\/5182748918\" width=\"100%\" height=\"162\" frameborder=\"0\" scrolling=\"no\" seamless=\"true\" style=\"width:100%; height:162px;\"><\/iframe>"}

Európske riešenia krízy a nemecká ústava

Modrá vlna
