{"title":"V\u00fdvar speci\u00e1l: Osobn\u00ed den\u00edkov\u00e9 z\u00e1pisy report\u00e9r\u016f","author_name":"Kulturn\u00ed v\u00fdvar","author_url":"https:\/\/podmaz.sk\/podcast\/kulturni-vyvar","type":"video","height":162,"width":620,"version":"1.0","provider_name":"Podmaz","provider_url":"https:\/\/podmaz.sk","thumbnail_height":250,"thumbnail_width":250,"thumbnail_url":"https:\/\/cdn.podmaz.sk\/61\/79\/vyvar-special-osobni-denikove-zapisy-reporteru-617907.jpg?width=250","html":"<iframe src=\"https:\/\/podmaz.sk\/embed\/light\/episode\/7244794629\" width=\"100%\" height=\"162\" frameborder=\"0\" scrolling=\"no\" seamless=\"true\" style=\"width:100%; height:162px;\"><\/iframe>"}

Vývar speciál: Osobní deníkové zápisy reportérů

Kulturní vývar
