{"title":"Du\u0161an Havrilla: R\u00e1d se d\u011bl\u00edm o to, co m\u00e1m v sob\u011b","author_name":"ArtCaf\u00e9","author_url":"https:\/\/podmaz.sk\/podcast\/artcafe","type":"video","height":162,"width":620,"version":"1.0","provider_name":"Podmaz","provider_url":"https:\/\/podmaz.sk","thumbnail_height":250,"thumbnail_width":250,"thumbnail_url":"https:\/\/cdn.podmaz.sk\/f0\/33\/dusan-havrilla-rad-se-delim-o-to-co-mam-v-sobe-f033b5.jpg?width=250","html":"<iframe src=\"https:\/\/podmaz.sk\/embed\/light\/episode\/4466897210\" width=\"100%\" height=\"162\" frameborder=\"0\" scrolling=\"no\" seamless=\"true\" style=\"width:100%; height:162px;\"><\/iframe>"}

Dušan Havrilla: Rád se dělím o to, co mám v sobě

ArtCafé
